)/(-10)). Calculate the greatest common factor of h and 1664.
13
Let p(d) = d**3 - 4*d**2 + 3*d - 10. Let q be p(4). Suppose -2*o + 70 = -4*z, q*z + 0*z - 100 = -2*o. Calculate the greatest common divisor of o and 765.
45
Let v be (-26)/(-117) + (-70)/(-9). Let z be -7 + 2 + -7 + v. Let t be (-468)/z - (6 - 10). What is the highest common divisor of 11 and t?
11
Suppose -909 = -8*h - 237. Let s = h - 85. Let q be 0 - (-116)/1 - s. Calculate the highest common divisor of 39 and q.
39
Let f = -52 + 99. Suppose i - f = -3. Let n be (i/(-12) + 3)*-6. What is the highest common divisor of n and 20?
4
Let w(h) = 4*h + 75. Let k be w(-17). Let s = 207 - k. Calculate the highest common factor of 50 and s.
50
Suppose 53*l - 1976 = 34*l - 19*l. What is the highest common factor of 2236 and l?
52
Let z(w) be the first derivative of -w**4/4 + 2*w**3 + 5*w**2/2 + 11*w - 112. Let j be z(-5). Calculate the greatest common divisor of 174 and j.
87
Let s be 2 - ((-4)/2 + (-1)/1*348). What is the greatest common divisor of s and 748?
44
Suppose 643*q = 802*q - 1894803. What is the greatest common divisor of 17 and q?
17
Let s be (89232/120 - 2)*160/6. Calculate the greatest common factor of 24 and s.
24
Let w = 210 + 141. Calculate the greatest common divisor of 663 and w.
39
Let v(p) = p**3 - 4*p**2 - 11*p + 24. Let s be v(0). What is the greatest common divisor of s and 3660?
12
Let f(q) = -169*q + 6719. Let s be f(29). Calculate the greatest common factor of s and 36.
18
Suppose -13 = -o - 0*o. Let a be 3/(12/446) + (-3)/6. Let m = a - 46. What is the highest common factor of o and m?
13
Let l = 756 - 754. Suppose 3*j - 5*b - 5105 = 0, 3*j + l*b - 4*b = 5120. Calculate the greatest common divisor of 90 and j.
90
Let n be (1/2)/((-37)/(-962)). Let c = -493 - -897. Suppose 4*m + 0*m - 4*r = 400, 0 = 4*m - 3*r - c. Calculate the highest common divisor of m and n.
13
Let y(z) = 7 + 6*z + z**3 - 3*z + 2 - 4*z**2. Let a(w) = w**2 - 23*w + 138. Let i be a(12). Let h be y(i). Calculate the highest common divisor of 18 and h.
9
Suppose n + 5*h = -2, 2*h - 1 = -n - 0*n. Let v be 80 - (442/40 - (-352)/(-7040)). What is the greatest common divisor of n and v?
3
Suppose 71*u + 2*p + 225 = 76*u, -4*u + 4*p = -180. Calculate the greatest common divisor of u and 4815.
45
Let u be ((-4)/6 + 0)*-234. Let a(w) = 91*w - 3616. Let t be a(40). What is the highest common factor of u and t?
12
Let b(h) = -h**3 + 5*h**2 + 11. Let c be b(5). Suppose -13*a + 115 - c = 0. Suppose -82 - 174 = -2*k. What is the greatest common divisor of a and k?
8
Suppose -3*m + 35 = -5*p + 26, 3 = m + 4*p. Suppose -280 = -3*x + 5*s + 307, -5*x + 1005 = -m*s. What is the highest common factor of 36 and x?
12
Let i(j) = 8*j**2 + 4*j + 6. Let k be i(-2). Calculate the greatest common divisor of 4530 and k.
30
Suppose -16 = -m + 4*u - 2*u, 4*u = -5*m + 94. Let v be (-27)/(-108) - (-732)/16. Let f = m + v. Calculate the highest common divisor of f and 32.
32
Let t be 56*(-4 + (-200)/(-32)). Suppose 124*k + 888 = t*k. Calculate the greatest common divisor of 12 and k.
12
Let o = -4727 + 4999. Calculate the greatest common divisor of o and 368.
16
Let b = 1770 + -1600. What is the highest common factor of 782 and b?
34
Suppose 67 = 3*k - u, 3*u + 0*u - 87 = -3*k. Let c = 960 - 792. What is the highest common divisor of k and c?
24
Suppose 0 = -0*z + 15*z - 1450 - 620. What is the greatest common divisor of z and 5037?
69
Let w(o) = -o**3 + 6*o**2 + 3. Let u be w(6). Let l = 15 - u. Suppose 0 = 11*a - l*a + 12. Calculate the greatest common factor of a and 84.
12
Let n = -303 + 310. Let h be ((-9)/(-2)*n)/(24/48). Let o = 23 + -2. Calculate the highest common factor of h and o.
21
Suppose -3*m - 117 = -6*m. Let c = -8747 - -8750. Calculate the greatest common factor of c and m.
3
Let q(w) = -w**2 + 9*w + 2. Let r be q(8). Let y be ((-684)/(-45) - -5) + (-3 - 70/(-25)). What is the greatest common factor of y and r?
10
Suppose p - 2*w + 4*w + 3 = 0, -2*w = 6. Suppose -p = -2*q + 51. Let t be (-10)/(-45) + 48/q. What is the highest common divisor of t and 5?
1
Let l be 33*(-10)/(-45)*27/18. Let q = -66 + 121. Calculate the greatest common factor of q and l.
11
Let v(f) = f + 136. Let s be v(0). Suppose 5*d + 7*d = -6*d + 144. What is the greatest common divisor of s and d?
8
Let b be (-1)/((1/(-5))/(6/10)). Suppose -696 = -b*y + 3*n - 4*n, 1160 = 5*y - 5*n. Calculate the greatest common divisor of y and 29.
29
Suppose 2*n - 5182 = 3*d + 24899, -2*n + 4*d + 30088 = 0. Calculate the greatest common divisor of n and 60.
30
Let z be 6 + 96/(-18) + (-17)/3. Let k be 2*(-18)/z*(-1470)/(-63). Calculate the greatest common divisor of 126 and k.
42
Suppose -3*h = -h - 112. Suppose 8*s - 29 + 5 = 0. Suppose s*z - 17 = 4*z - 5*b, 5*z = -3*b + 55. What is the highest common divisor of z and h?
8
Let b(p) = -2*p**2 + 6*p - 2. Let q be b(6). Suppose 40 = d + 26*t - 23*t, 0 = 5*d + 5*t - 220. Let j = d + q. Calculate the highest common divisor of 8 and j.
8
Suppose 0 = -730*n + 741*n - 11. Let a(m) = 2*m**2 + 10*m + 7. Let g be a(-6). Calculate the highest common divisor of n and g.
1
Suppose 0 = -4*n - 4*a + 1932, 85 + 1846 = 4*n + 5*a. Suppose -2*t = 3*t - 5*f - 800, 3*t - n = 4*f. Calculate the greatest common divisor of t and 117.
39
Suppose 956 = 11*p - 232. Suppose 0 = -4*w + 5*b + 566, -4*w + 8*w + 3*b - 582 = 0. Calculate the greatest common divisor of p and w.
36
Suppose 5*r - 30 = -k, -2*r + 84 = 6*k - 2*k. Let m = -1330 + 1440. What is the greatest common divisor of k and m?
10
Suppose -5*y - 262 = -847. Suppose -150 = -49*b + 487. Calculate the highest common divisor of b and y.
13
Let j be (-9)/171 + 2236/247. Calculate the highest common factor of j and 132.
3
Suppose -4370 = -36*u + 16330. What is the highest common divisor of u and 460?
115
Let j(l) = l**2 - 107*l - 627. Let y be j(-6). Calculate the greatest common divisor of 323 and y.
17
Let i(x) = -x**2 - 12*x + 5. Let l be i(-9). Calculate the highest common divisor of 1488 and l.
16
Suppose -4*d - k + 1817 + 148 = 0, -2*k + 10 = 0. Calculate the highest common factor of d and 630.
70
Let t = -46 - -58. Suppose -6*i = -t*i + 2976. Calculate the greatest common divisor of i and 8.
8
Suppose -5*x - 5 = 2*p - 58, -3*p = x - 73. What is the greatest common factor of 1614 and p?
6
Let c = -98 - -170. Let k(j) = 9 - j**3 + 4*j + 4*j - 2*j**2 + 9*j**2. Let r be k(8). Calculate the highest common divisor of r and c.
9
Suppose -11*v - 458 = -3*t - 9*v, 0 = -6*t - 2*v + 946. What is the highest common divisor of 4116 and t?
12
Let v(h) = -h**2 + 20*h - 14. Let y be 1 + -4 + -1 + 17/1. Let p be v(y). What is the greatest common factor of p and 33?
11
Let s be (-5)/(-2) + 401991/282. Calculate the highest common factor of 84 and s.
84
Suppose -4*x + x + 27 = -3*q, -2*q - 7 = -x. Suppose x*n + 1 = 12. Let h be 0/(-1) + (22 - n). Calculate the greatest common divisor of 168 and h.
21
Let g be ((-8)/6)/(1 - 534/531). Suppose -96 = 35*i - g. What is the greatest common divisor of i and 22?
2
Suppose 0 = -7*l + 1120 + 2093. Suppose 113*u + l = 114*u. Calculate the highest common divisor of u and 102.
51
Let t be 2/9 - 0 - 4480/(-90). Let f be (-148)/(-12) + (4 - t/15). Calculate the highest common factor of 299 and f.
13
Suppose 310 - 89 + 1739 = 98*z. What is the highest common factor of 22580 and z?
20
Let b be 8 + -5 - (6 - (-8 + 17)). Let w(d) = -d**3 - 6*d**2 - 5*d + 9. Let c be w(-6). Calculate the highest common divisor of b and c.
3
Suppose 1680*i - 1674*i - 390 = 0. Calculate the highest common factor of 377 and i.
13
Let o be 1/(2/114) - -1. Let u(r) = r**3 + 43*r**2 + 81*r - 67. Let k be u(-41). Let c = k + o. What is the highest common divisor of c and 8?
8
Let g be ((-6)/8)/(3 + (-426)/144). Let v be (g/(-12))/(3/10). Suppose -v*y + 320 = -y. Calculate the greatest common factor of 32 and y.
16
Let h = 63 + -48. Suppose 0 = 4*o - p - 3*p - 4, 3 = -5*o + 3*p. Let b be 39/12 - o/(-12). Calculate the highest common divisor of b and h.
3
Let c be 14/(-7) - (16 - -1). Let h be (c - (-3 + 5))/(-1). Calculate the highest common factor of h and 24.
3
Let g(n) be the second derivative of n**5/20 + 2*n**4/3 + 4*n**2 - 39*n. Let m be g(-7). Let z = 58 - m. Calculate